 6?
4
Let n be (-7)/((-21)/6) - 2. Suppose 0 = 2*r - 5*f - 43, -3*f - 6 = r - n*r. Calculate the remainder when 15 is divided by r.
6
Let n(o) = -o + 12. Calculate the remainder when 4 is divided by n(10).
0
Suppose -20 = 4*i, -4*a = -5*a - 2*i - 10. Suppose 3*x + 2*x = a. Suppose -5*d + x = -n - 3, -12 = -3*d. Calculate the remainder when n is divided by 5.
2
Suppose -10 = -3*a - 2*a. What is the remainder when (48/30)/(4/10) is divided by a?
0
Suppose 4*c - 35 - 17 = 0. Let p(h) = 0*h + 15 + 4*h - 6. What is the remainder when p(7) is divided by c?
11
Suppose 2*w = 2*m - 10, -4*m + w = 4*w - 41. Suppose x = -4*x + 35. Calculate the remainder when x is divided by -2 - (6/3 - m).
3
Let v = 1 + 0. What is the remainder when (10 + -14)/(2/(-7)) is divided by 9 + 0 + (v - 2)?
6
Suppose 7*y + 0*y - 483 = 0. What is the remainder when y is divided by 18?
15
Let w(q) = q**3 + 11*q**2 + 11*q + 11. Let n be w(-10). Let b = 1 + n. What is the remainder when 1/b + 9/2 is divided by 2?
1
Let l(p) = -p + 9. Let g be l(4). Suppose -3*s + g*a + 127 = 0, -5*s = 4*a - 0*a - 150. What is the remainder when s is divided by 12?
10
Let f(b) = -b**3 + b**2 + b - 1. Let y be f(0). Suppose 10 = n + n. What is the remainder when (-2 + 1)/y - -12 is divided by n?
3
Let d = 8 + -5. Suppose u - 4 = 4*q, 16 = 7*q - d*q. Suppose 0 = 2*i - 117 - 1. What is the remainder when i is divided by u?
19
Suppose 3*i + 4*h = i + 46, -2*i + 43 = 3*h. Calculate the remainder when 67 is divided by i.
16
Let q = -7 - -9. Let v = 15 - 11. Calculate the remainder when (0/(-3))/(-3) + v is divided by q.
0
Let n(b) = -4*b - 30. Suppose 2*h - 5*v - 270 = -3*h, 2*v + 160 = 3*h. Calculate the remainder when h is divided by n(-12).
16
Suppose 239 + 181 = 5*k. Suppose 2*n - 2*y = k, y + 21 = 3*n - 97. Calculate the remainder when n is divided by (65/10)/(1/2).
12
Suppose 0 = 2*i + 2*g - 56, 2*g + 0*g - 29 = -i. What is the remainder when 50 is divided by i?
23
Let f(z) = 4*z**3 - z**2 + 2. Let b = -3 - -1. Let k = b + 4. What is the remainder when f(k) is divided by 16?
14
Let j(b) = -10*b + 6. What is the remainder when j(-3) is divided by 13?
10
Suppose 2*c - 27 = -7. Calculate the remainder when 38 is divided by c.
8
Calculate the remainder when 133 is divided by (294/9 - -2) + (-2)/3.
31
Let d be 48*3/(-6)*-1. Suppose -d = -0*l - 2*l. Calculate the remainder when 21 is divided by l.
9
Let w(c) = 6*c + 4. Suppose -a - a = -4. Calculate the remainder when w(a) is divided by (-4 - 1)*(-18)/15.
4
Let u = 1 - -3. Suppose u*n = -0*b + 3*b - 79, -46 = -2*b - 4*n. What is the remainder when b is divided by 14?
11
Suppose -3*i - 364 = -7*i. Let o = i + -60. What is the remainder when o is divided by ((-11)/2)/(8/(-16))?
9
Let z(r) = 2*r**2. Let i be z(1). What is the remainder when 13 is divided by (i - 1)/((-1)/(-7))?
6
Suppose -2*h - x - 4*x + 45 = 0, -4*x = h - 30. Let z(v) = 10*v**2 - 1. Calculate the remainder when z(-2) is divided by h.
9
Let f(r) = r + 8. Let q be f(0). Let v = q - 6. Suppose a = -3*g + v + 2, 0 = 2*g + 2. What is the remainder when a is divided by 3?
1
Let k(h) = -h**3 - 9*h**2 - 2*h - 3. Suppose 160 = -5*g + 445. What is the remainder when g is divided by k(-9)?
12
Suppose 4*s + 3 = 5*r - 0*s, 5*r - 3*s = 6. Calculate the remainder when 43 is divided by r.
1
Suppose 6 = 2*b + b. Suppose 2*k + b*m = m + 41, -3*m = -5*k + 119. What is the remainder when k is divided by 8?
6
Let u = 44 - -43. Calculate the remainder when u is divided by 15.
12
Let s(t) = 4*t - 1. Calculate the remainder when s(6) is divided by 6.
5
Let p be 10/15 + (-20)/3. Suppose 4*i - 23 - 25 = 0. Let l = p + i. Calculate the remainder when 22 is divided by l.
4
What is the remainder when 15 is divided by (-100)/(-12) + 0 - 3/9?
7
Let q be 38/14 + 2/7. Let u = 4 + q. Calculate the remainder when 13 is divided by u.
6
Let x be 4/(32/6)*40. Suppose 4*a = 2*a + x. Let u = -60 - -103. What is the remainder when u is divided by a?
13
Suppose -4*y + 114 = 3*t - 0*y, 0 = 2*t - 5*y - 53. Calculate the remainder when t is divided by 9.
7
Let s be (60/(-16))/((-2)/8). Let m be 18/s*(-10)/(-4). Let u = m - -14. Calculate the remainder when u is divided by 5.
2
Let l be 2/(-5) - (-38)/(-5). Let h = -4 - l. Suppose -h*y + 2*f + 78 = 0, 26 - 122 = -4*y - 4*f. What is the remainder when y is divided by 11?
10
Suppose 5*m = m - 124. Let i = m + 51. What is the remainder when i is divided by (1 - -7)*1 - 1?
6
Let d be ((-1)/2)/((-7)/294). Let b = 52 - d. Suppose k - 4 = u + 2, -3*k + 28 = -u. What is the remainder when b is divided by k?
9
Let z(h) = h**2 - 2*h + 3. Let w be z(3). Let b(u) = u**2 - 2*u + 3. What is the remainder when b(w) is divided by 15?
12
Let d(l) be the third derivative of l**4/24 + l**3/6 - l**2. Calculate the remainder when 19 is divided by d(6).
5
Let p = 591 - 359. Calculate the remainder when p is divided by 39.
37
Let l(x) be the third derivative of x**6/40 - x**4/8 + x**3/6 + 5*x**2. Suppose -q = -2 - 0. What is the remainder when 36 is divided by l(q)?
17
Let c be 6/12*0/3. Let q(j) = -j**2 + 17. What is the remainder when 50 is divided by q(c)?
16
Let d = -6 - -11. Let x be (0 - -2)*3*d. Suppose -5*k = h - x, -4*k + 9*k - 45 = -4*h. Calculate the remainder when 8 is divided by h.
3
Suppose 21*v = 16*v + 15. Let m be (31 + (-1 - -1))*1. Suppose -5*c = 3*s + s, 3*s = 4*c + m. What is the remainder when s is divided by v?
2
Let m = 272 - 147. Let c = m + -73. Calculate the remainder when c is divided by 18.
16
Let h be ((-11)/(-4))/((-2)/8). Let j = 30 - h. What is the remainder when j is divided by 16 + (2 + -3)*2?
13
Let v = 58 - 22. Let a = 52 + -33. Calculate the remainder when v is divided by a.
17
Let h(q) = q**3 - 15*q**2 + q + 2. What is the remainder when h(15) is divided by 10?
7
Let m = 3 - -2. Let p be (36/16)/(2/8). Let f = p - 0. What is the remainder when f is divided by m?
4
Let v = -8 + 29. What is the remainder when 61 is divided by v?
19
Let t = 22 + 44. What is the remainder when t is divided by 25?
16
Let z(c) = -c**2 + c + 3. Let a be z(0). What is the remainder when 52 is divided by (51/1)/a - -1?
16
Let s = -10 - -12. Suppose -c + 3*c - 4 = 2*w, -w - 4*c + 23 = 0. Let x = w + -2. Calculate the remainder when s is divided by x.
0
Suppose 0 = 2*w - 3*w + 41. What is the remainder when w is divided by 22?
19
Let q = -4 + 5. Let d(s) = -s + 4. Let p be d(4). Calculate the remainder when (p - 24 - q)/(-1) is divided by 9.
7
Let d(x) = 31*x + 5. Let y(z) = -15*z - 2. Let k(n) = 3*d(n) + 7*y(n). What is the remainder when k(-2) is divided by 14?
11
Suppose 0 = -3*f - 3 + 18. Calculate the remainder when 14 + -3 + f + 0 is divided by 9.
7
Let y(i) = i**3 - 7*i**2 + 6*i + 8. Suppose 2*p - 2 = 0, -4*p + 29 = 2*b - 5*p. Calculate the remainder when b is divided by y(6).
7
Suppose -4*m = -t - 125, 2*m + 2*t - 73 = -13. What is the remainder when 91 is divided by m?
29
Suppose 5*h = -5*a + 12 - 2, 2*a = 2*h + 12. Suppose -2*f + 20 = -4. What is the remainder when (-418)/(-18) + a/(-18) is divided by f?
11
Calculate the remainder when (-14)/((-51)/15 + 3) is divided by 9.
8
What is the remainder when 36/3*(-4)/(-3) is divided by 10?
6
Let r be (-1)/3 + 460/3. Suppose 5*q = r - 13. What is the remainder when 53 is divided by q?
25
Let k = -4 + 7. Suppose -t + 2*t - 1 = 0. Suppose -5 - t = -k*j. What is the remainder when 6 is divided by j?
0
Let o = 135 - 58. Calculate the remainder when o is divided by 26.
25
Suppose 4*x + 8 = -2*t, 12 = 4*t - 2*x - 12. Suppose -5 = -d - t*b + 3, -5*b = -20. Calculate the remainder when 9 is divided by (3/(-1))/(6/d).
1
Let p(w) = -w**2 - 6*w - 5. Let j be 22/6 - 2/3. Suppose 5*b = -2*l + 2 + 22, 0 = 3*l + j*b - 27. What is the remainder when l is divided by p(-4)?
1
Let d(g) = -3*g + 2*g + g**2 - 3*g + 2. Let w = -8 + 20. Calculate the remainder when w is divided by d(5).
5
Suppose 0 = -3*p + 2*n + 7, 0 = -7*p + 2*p + 3*n + 13. What is the remainder when 19 is divided by p?
4
Let p = -1 + 6. Suppose q = 2*h - 0*q - 11, -2*h + 23 = -p*q. Let n(t) = -t - 3. What is the remainder when h is divided by n(-5)?
0
Let w = 9 - 7. Suppose 5*x = w*x + 15. What is the remainder when x is divided by 2?
1
Let v(s) = 14*s + 2. Let z be v(-4). Let w = z + 93. Cal